se 15, what is -57 + -5?
-5c
In base 3, what is 100111210 + 12?
100111222
In base 8, what is -1 - 0?
-1
In base 7, what is -1042 - 0?
-1042
In base 4, what is 121 + -11?
110
In base 5, what is -3 - 114332?
-114340
In base 14, what is -2 + 12d?
12b
In base 9, what is -3470 - 0?
-3470
In base 4, what is -20013 + -201?
-20220
In base 12, what is 43 - -34?
77
In base 4, what is 320 + 11?
331
In base 14, what is 95 + 41?
d6
In base 16, what is -e + 1?
-d
In base 8, what is -14 + 2511?
2475
In base 15, what is 1 + 4d?
4e
In base 15, what is b4 + 4?
b8
In base 15, what is 14 - 25?
-11
In base 3, what is 12 - 110120?
-110101
In base 8, what is 215 - -113?
330
In base 15, what is -50d + -2?
-510
In base 6, what is -41 - -12?
-25
In base 10, what is 83 + 1?
84
In base 11, what is 13 + -51?
-39
In base 16, what is -3 + -50?
-53
In base 2, what is 0 - 1111000?
-1111000
In base 9, what is -180 - -4?
-175
In base 15, what is 7c - 12?
6a
In base 8, what is -3 + 33?
30
In base 16, what is 3 - 24?
-21
In base 3, what is -1 - 1211?
-1212
In base 7, what is -1 - -132?
131
In base 6, what is 3402 - -3?
3405
In base 9, what is 2 + -10?
-7
In base 13, what is 16 - 1?
15
In base 7, what is 150 - 2?
145
In base 2, what is -1010 + 10110000?
10100110
In base 12, what is -b624 + 0?
-b624
In base 5, what is -3 + 233?
230
In base 8, what is 5 + 317?
324
In base 16, what is -2ae4 + -5?
-2ae9
In base 3, what is 11011 + -1?
11010
In base 10, what is 111 - -35?
146
In base 9, what is -142 + -30?
-172
In base 14, what is -1 + 4cc?
4cb
In base 7, what is -122 + 14?
-105
In base 10, what is 1 + 75?
76
In base 2, what is -100 - 1001101?
-1010001
In base 7, what is 3 - 3?
0
In base 13, what is 4 + 133?
137
In base 6, what is -4 - 400?
-404
In base 8, what is -6352 - -4?
-6346
In base 12, what is 1190 - -4?
1194
In base 8, what is 237 - -3?
242
In base 12, what is -2 - 3a4?
-3a6
In base 11, what is -385 - 0?
-385
In base 2, what is -111011 + -10011101?
-11011000
In base 8, what is 16212 + 1?
16213
In base 6, what is 50 + 340?
430
In base 9, what is -5 - -88?
83
In base 11, what is -367 - 4?
-370
In base 4, what is -11 + 112023?
112012
In base 6, what is 2 - 22?
-20
In base 6, what is -12 + -15?
-31
In base 15, what is -81 + -1?
-82
In base 2, what is -1000 - 10?
-1010
In base 3, what is -2110 + 2120?
10
In base 7, what is 30 - 526?
-466
In base 8, what is 24 + -14?
10
In base 2, what is -1001111 + 1000?
-1000111
In base 11, what is 23 - 10a5?
-1082
In base 12, what is 0 - -70?
70
In base 13, what is 10a - -1?
10b
In base 7, what is -1 - -125?
124
In base 9, what is -6 + 2241?
2234
In base 15, what is -288 + -e?
-297
In base 3, what is 1 - -12?
20
In base 6, what is 133 + 134?
311
In base 15, what is a94 + 5?
a99
In base 15, what is de47 - -3?
de4a
In base 8, what is -4052 + -2?
-4054
In base 10, what is -222 + 13?
-209
In base 10, what is -1 + 73?
72
In base 13, what is -3 - 2c5?
-2c8
In base 7, what is 2233 - 13?
2220
In base 5, what is 100302 + 1?
100303
In base 5, what is -43 + 34?
-4
In base 7, what is -2201 + -5?
-2206
In base 9, what is -24 - -2?
-22
In base 9, what is 5 - 762?
-756
In base 15, what is 597 + 3?
59a
In base 13, what is 238 + -2?
236
In base 8, what is 52 - 21?
31
In base 2, what is 10 - -111101?
111111
In base 5, what is -212 + 12?
-200
In base 13, what is -4238 - 4?
-423c
In base 3, what is -1 + -100210?
-100211
In base 10, what is -22 + 563?
541
In base 7, what is -12 + 36?
24
In base 14, what is -2d - -a7?
78
In base 11, what is -113 + 1?
-112
In base 3, what is -11020021 + -1?
-11020022
In base 10, what is -1 + -540?
-541
In base 4, what is 132022 - -1?
132023
In base 5, what is -141 - -42?
-44
In base 11, what is -3 + 71?
69
In base 12, what is 8 + -1?
7
In base 15, what is 1 + -9?
-8
In base 4, what is 22101 + -11?
22030
In base 12, what is -b - -579?
56a
In base 3, what is 10122001 - 1?
10122000
In base 13, what is c + 15?
24
In base 2, what is 0 - 1100010?
-1100010
In base 6, what is 5 + -110?
-101
In base 10, what is 63 - -90?
153
In base 10, what is -3 - -71?
68
In base 5, what is -30 - 11212?
-11242
In base 4, what is 232 - -200?
1032
In base 9, what is -643 - -4?
-638
In base 11, what is -3 + -516?
-519
In base 2, what is -10110 + 100111?
10001
In base 15, what is 2 + -35?
-33
In base 2, what is 100 + -10111?
-10011
In base 3, what is 10111 + -120?
2221
In base 7, what is -5 - 11?
-16
In base 6, what is 4 + -5?
-1
In base 11, what is -5 + -248?
-252
In base 8, what is 5 - 251?
-244
In base 13, what is 12 - -7?
19
In base 4, what is 232 - 1020?
-122
In base 8, what is 3 - 704?
-701
In base 3, what is 2202120 + -1?
2202112
In base 5, what is -4 + -2312?
-2321
In base 10, what is -2 - -52?
50
In base 11, what is -1 - 308?
-309
In base 6, what is -3 + 1502?
1455
In base 14, what is 0 + 5c2?
5c2
In base 13, what is -22 + 71?
4c
In base 14, what is -bc + 18?
-a4
In base 4, what is 22 - 123113?
-123031
In base 5, what is -10 - -1320?
1310
In base 4, what is -210 + 13?
-131
In base 10, what is -5 + 92?
87
In base 8, what is -45 - -17?
-26
In base 7, what is 606 - -1?
610
In base 6, what is 14 + 133?
151
In base 6, what is 14442 + 10?
14452
In base 12, what is -2 + -2b6?
-2b8
In base 4, what is 10002 - -111?
10113
In base 15, what is 50e - 0?
50e
In base 11, what is -6351 - 1?
-6352
In base 16, what is 7b0 - 2?
7ae
In base 8, what is 1 - -210?
211
In base 14, what is 5 + -1203?
-11dc
In base 16, what is 889 + 0?
889
In base 6, what is -33 - -5?
-24
In base 13, what is -1 + 26?
25
In base 13, what is 134 - 54?
b0
In base 6, what is 1314 + 4?
1322
In base 5, what is 204 + -20?
134
In base 2, what is 100 - -1110100000?
1110100100
In base 9, what is -61131 + -1?
-61132
In base 2, what is -10 - -11111111?
11111101
In base 11, what is -1a - 19?
-38
In base 4, what is 11220 - -30?
11310
In base 7, what is 0 + 412?
412
In base 13, what is 51 + a?
5b
In base 13, what is -1 - -44?
43
In base 11, what is -5a + 2?
-58
In base 13, what is -99 + -2a?
-c6
In base 4, what is -10 + -21002?
-21012
In base 3, what is -11 - 2102201?
-2102212
In base 5, what is -202 + -4?
-211
In base 15, what is 5 - 461?
-45b
In base 6, what is -313 - 1?
-314
In base 7, what is 56 - -31?
120
In base 13, what is 21 - -1c?
40
In base 3, what is 11 + -100?
-12
In base 6, what is -54 - 30?
-124
In base 14, what is 5a - 56?
4
In base 14, what is 5 - a5?
-a0
In base 4, what is -11 - 3001?
-3012
In base 8, what is 17727 + 2?
17731
In base 9, what is -217 - -6?
-211
In base 13, what is 1 - -78?
79
In base 10, what is 365 - -4?
369
In base 14, what is -435 + -d?
-444
In base 8, what is 216 - -1?
217
In base 8, what is -3 - -62?
57
In base 16, what is 3d + 70?
ad
In base 2, what is -1001011 - 101?
-1010000
In base 15, what is -28 + -12?
-3a
In base 6, what is -100 - 114?
-214
In base 15, what is 20 + 19?
39
In base 9, what is 3 - 617?
-614
In base 16, what is -ca + e?
-bc
In base 3, what is -12 + -22222?
-100011
In base 8, what is -275 + 4?
-271
In base 7, what is 4 + 21?
25
In base 3, what is -11000221 + -10?
-11001001
In base 4, what is -23331 + -22?
-30013
In base 8, what is 147 - -7?
156
In base 4, what is -103231 + 11?
-103220
In base 9, what is 5 - -1081?
1086
In base 14, what is -9 + 5?
-4
In base 9, what is 33 + 113?
146
In base 6, what is -125045 + -2?
-125051
In base 9, what is 1 + -36?
-35
In base 3, what is -21220 - -212?
-21001
In base 6, what is -10 + -54?
-104
In base 8, what is 2 + -50?
-46
In base 11, what is 4 + -367?
-363
In base 6, what is 2232 - 3?
2225
In base 9, what is -4 + -408?
-413
In base 11, what is -655 + 5?
-650
In base 5, what is 1 + -2041?
-2040
In base 14, what is -4 - -528?
524
In base 3, what is -1022 + -20112?
-21211
In base 10, what is -39 - 80?
-119
In base 4, what is 3 - -1122?
1131
In base 7, what is -412 - 2?
-414
In base 4, what is -2 - 133323?
-133331
In base 14, what is 176 + 5c?
1d4
In base 10, what is 592 + -3?
589
In base 4, what is 10 + 23331?
30001
In base 6, what is 2 - 341?
-335
In base 3, what is 0 + 2010?
2010
In base 9, what is -754 - -2?
-752
In base 4, what is 11 - -3131?
3202
In base 11, what is -2 - -43a3?
43a1
In base 15, what is -2 + -288?
-28a
In base 13, what is -4 - -93?
8c
In base 11, what is 3 - 37?
-34
In base 8, what is -5243 - -3?